{"id":4937,"date":"2025-08-21T22:19:50","date_gmt":"2025-08-21T20:19:50","guid":{"rendered":"https:\/\/www.autoescolaolivella.com\/000000\/?page_id=4937"},"modified":"2025-09-16T18:22:09","modified_gmt":"2025-09-16T16:22:09","slug":"recuperacio-de-punts","status":"publish","type":"page","link":"https:\/\/www.autoescolaolivella.com\/index.php\/autoescola\/recuperacio-i-reciclatge\/recuperacio-de-punts\/","title":{"rendered":"Recuperaci\u00f3 de punts"},"content":{"rendered":"\t\t<div data-elementor-type=\"wp-page\" data-elementor-id=\"4937\" class=\"elementor elementor-4937\">\n\t\t\t\t<div class=\"elementor-element elementor-element-3c1863b e-flex e-con-boxed e-con e-parent\" data-id=\"3c1863b\" data-element_type=\"container\" data-e-type=\"container\">\n\t\t\t\t\t<div class=\"e-con-inner\">\n\t\t\t\t<div class=\"elementor-element elementor-element-be70597 elementor-widget elementor-widget-drivschol-about\" data-id=\"be70597\" data-element_type=\"widget\" data-e-type=\"widget\" data-widget_type=\"drivschol-about.default\">\n\t\t\t\t<div class=\"elementor-widget-container\">\n\t\t\t\t\t\r\n    <!-- About THree Start -->\r\n    <section class=\"about-three about-three__home\">\r\n        <div class=\"container\">\r\n            <div class=\"row\">\r\n                <div class=\"col-lg-6\">\r\n                    <div class=\"about-three__content\">\r\n                        <div class=\"about-three__content__head\">\r\n                            <div class=\"sec-title  text-start wow fadeInUp\" data-wow-duration='300ms'>\r\n                                                                <h3 class=\"sec-title__title\">RECUPERACI\u00d3 DE PUNTS<\/h3>                            <\/div><!-- \/.sec-title -->\r\n                        <\/div><!-- \/.about-three__content__head -->\r\n                        <p class=\"about-three__content__text  wow fadeInUp\" data-wow-delay='500ms'>\r\n                            Dirigit a conductors\/es que han perdut part dels punts per\u00f2 encara conserven el perm\u00eds. La freq\u00fc\u00e8ncia es de m\u00e0xim 1 cop cada 2 anys (o 1 cop a l\u2019any si ets conductor professional).                        <\/p><!-- \/.about-three__content__text -->\r\n                                                    <ul class=\"about-three__content__list  wow fadeInUp\" data-wow-delay='500ms'>\r\n                                                                    <li class=\"about-three__content__list__item\">\r\n                                        Durada: 12 hores (aprox.)                                    <\/li>\r\n                                    <!-- \/.about-three__content__list__item -->\r\n                                                                    <li class=\"about-three__content__list__item\">\r\n                                        Recuperes fins a 4 punts del teu perm\u00eds.                                    <\/li>\r\n                                    <!-- \/.about-three__content__list__item -->\r\n                                                                    <li class=\"about-three__content__list__item\">\r\n                                        No cal fer examen, nom\u00e9s assistir al curs.                                    <\/li>\r\n                                    <!-- \/.about-three__content__list__item -->\r\n                                                            <\/ul><!-- \/.about-three__content__list -->\r\n                                                                            <div class=\"about-three__content__link  wow fadeInUp\" data-wow-delay='500ms'>\r\n                                <a href=\"https:\/\/www.autoescolaolivella.com\/\"  class=\"about-three__content__link__btn drivschol-btn drivschol-btn--base2\">\r\n                                    Mira Horaris                                <\/a>\r\n                            <\/div><!-- \/.about-three__content__link -->\r\n                                            <\/div><!-- \/.about-three__left -->\r\n                <\/div><!-- \/.col-lg-6 -->\r\n                <div class=\"col-lg-6\">\r\n                    <div class=\"about-three__thumb  wow fadeInLeft\" data-wow-delay='500ms'>\r\n                        <div class=\"about-three__thumb__img\">\r\n                            <img decoding=\"async\" src=\"https:\/\/www.autoescolaolivella.com\/assets\/2023\/12\/about-3-1.png\" alt=\"about-3-1\" title=\"about-3-1\" >                        <\/div><!-- \/.about-three__thumb__img -->\r\n                        <div class=\"about-three__thumb__sub\">\r\n                            <img decoding=\"async\" src=\"https:\/\/www.autoescolaolivella.com\/assets\/2023\/12\/about-3-2-1.png\" alt=\"about-3-2\" title=\"about-3-2\" >                        <\/div><!-- \/.about-three__thumb__top -->\r\n                        <div class=\"about-three__thumb__logo\">\r\n                            <img decoding=\"async\" src=\"https:\/\/www.autoescolaolivella.com\/assets\/2025\/08\/images-removebg-preview-1-1.webp\" alt=\"images-removebg-preview (1)\" title=\"images-removebg-preview (1)\" >                        <\/div><!-- \/.about-three__thumb__logo -->\r\n                        <div class=\"about-three__thumb__content count-box\">\r\n                            <h3 class=\"about-three__thumb__content__number count-text\" data-stop=\"19\" data-speed=\"1500\">\r\n                            <\/h3><!-- \/.about-three__thumb__content__number -->\r\n                            <span class=\"about-three__thumb__content__text\"> Anys Experi\u00e8ncia<\/span>\r\n                        <\/div><!-- \/.about-three__thumb__content -->\r\n                    <\/div><!-- \/.about-three__thumb -->\r\n                <\/div><!-- \/.col-lg-6 -->\r\n            <\/div><!-- \/.row -->\r\n        <\/div><!-- \/.container -->\r\n    <\/section><!-- \/.about-three about-three__home -->\r\n    <!-- About THree End -->\r\n\t\t\t\t<\/div>\n\t\t\t\t<\/div>\n\t\t\t\t\t<\/div>\n\t\t\t\t<\/div>\n\t\t<div class=\"elementor-element elementor-element-68a5c278 e-con-full e-flex e-con e-parent\" data-id=\"68a5c278\" data-element_type=\"container\" data-e-type=\"container\">\n\t\t\t\t<div class=\"elementor-element elementor-element-46804c7b elementor-widget elementor-widget-drivschol-workproces\" data-id=\"46804c7b\" data-element_type=\"widget\" data-e-type=\"widget\" data-widget_type=\"drivschol-workproces.default\">\n\t\t\t\t<div class=\"elementor-widget-container\">\n\t\t\t\t\t    <!-- Workprocess Style One Start-->\r\n    <section class=\"work-process-one\">\r\n        <div class=\"container\">\r\n            <div class=\"row\">\r\n                <div class=\"col-lg-6\">\r\n                    <div class=\"work-process-one__image  wow fadeInLeft\" data-wow-delay='300ms'>\r\n                        <img decoding=\"async\" src=\"https:\/\/www.autoescolaolivella.com\/assets\/2023\/12\/step-man.png\" alt=\"step-man\" title=\"step-man\" class=\"img-fluid\" >                    <\/div><!-- \/.work-process-one__image -->\r\n                <\/div><!-- \/.col-md-6 -->\r\n                <div class=\"col-lg-6\">\r\n                    <div class=\"work-process-one__inner\">\r\n                                                    <div class=\"sec-title  text-start wow fadeInUp\" data-wow-duration='300ms'>\r\n\r\n                                                                    <h6 class=\"sec-title__tagline\">\r\n                                        <span aria-hidden=\"true\" class=\"sec-title__img icon-left-arrow\"><\/span>                                        Informaci\u00f3 Important                                        <span aria-hidden=\"true\" class=\"sec-title__img icon-right-arrow\"><\/span>                                    <\/h6><!-- \/.sec-title__tagline -->\r\n                                                                <h3 class=\"sec-title__title\">Com \u00e9s el Proc\u00e9s?<\/h3>                            <\/div><!-- \/.sec-title -->\r\n                                                <div class=\"work-process-one__inner__content\">\r\n                                                            <div class=\"work-process-one__inner__content__item  wow fadeInUp\" data-wow-delay='300ms'>\r\n                                    <div class=\"work-process-one__inner__content__item__step\">\r\n                                        <p class=\"work-process-one__inner__content__item__step__text\">STEP<\/p><!-- \/.work-process-one__inner__content__item__step__text -->\r\n                                        <span class=\"work-process-one__inner__content__item__step__number\">01<\/span><!-- \/.work-process-one__inner__content__item__step__text -->\r\n                                        <svg viewBox=\"0 0 161 186\" fill=\"none\" xmlns=\"http:\/\/www.w3.org\/2000\/svg\">\r\n                                            <path d=\"M161 139.5V46.5L80.5 0L0 46.5V139.5L80.5 186L161 139.5Z\" fill=\"\" \/>\r\n                                        <\/svg>\r\n                                    <\/div><!-- \/.work-process-one__inner__content__item__icon -->\r\n                                    <div class=\"work-process-one__inner__content__item__info\">\r\n                                        <h6 class=\"work-process-one__inner__content__item__info__title\">\r\n                                            Et matriculem al curs homologat.                                        <\/h6><!-- \/.work-process-one__inner__content__item__info__title -->\r\n                                        <p class=\"work-process-one__inner__content__item__info__text\">\r\n                                                                                    <\/p><!-- \/.work-process-one__inner__content__item__info__text -->\r\n                                    <\/div>\r\n                                <\/div><!-- \/.work-process-one__inner__content__item -->\r\n                                                            <div class=\"work-process-one__inner__content__item  wow fadeInUp\" data-wow-delay='300ms'>\r\n                                    <div class=\"work-process-one__inner__content__item__step\">\r\n                                        <p class=\"work-process-one__inner__content__item__step__text\">STEP<\/p><!-- \/.work-process-one__inner__content__item__step__text -->\r\n                                        <span class=\"work-process-one__inner__content__item__step__number\">02<\/span><!-- \/.work-process-one__inner__content__item__step__text -->\r\n                                        <svg viewBox=\"0 0 161 186\" fill=\"none\" xmlns=\"http:\/\/www.w3.org\/2000\/svg\">\r\n                                            <path d=\"M161 139.5V46.5L80.5 0L0 46.5V139.5L80.5 186L161 139.5Z\" fill=\"\" \/>\r\n                                        <\/svg>\r\n                                    <\/div><!-- \/.work-process-one__inner__content__item__icon -->\r\n                                    <div class=\"work-process-one__inner__content__item__info\">\r\n                                        <h6 class=\"work-process-one__inner__content__item__info__title\">\r\n                                            Assisteixes a les sessions presencials.                                        <\/h6><!-- \/.work-process-one__inner__content__item__info__title -->\r\n                                        <p class=\"work-process-one__inner__content__item__info__text\">\r\n                                                                                    <\/p><!-- \/.work-process-one__inner__content__item__info__text -->\r\n                                    <\/div>\r\n                                <\/div><!-- \/.work-process-one__inner__content__item -->\r\n                                                            <div class=\"work-process-one__inner__content__item  wow fadeInUp\" data-wow-delay='300ms'>\r\n                                    <div class=\"work-process-one__inner__content__item__step\">\r\n                                        <p class=\"work-process-one__inner__content__item__step__text\">STEP<\/p><!-- \/.work-process-one__inner__content__item__step__text -->\r\n                                        <span class=\"work-process-one__inner__content__item__step__number\">03<\/span><!-- \/.work-process-one__inner__content__item__step__text -->\r\n                                        <svg viewBox=\"0 0 161 186\" fill=\"none\" xmlns=\"http:\/\/www.w3.org\/2000\/svg\">\r\n                                            <path d=\"M161 139.5V46.5L80.5 0L0 46.5V139.5L80.5 186L161 139.5Z\" fill=\"\" \/>\r\n                                        <\/svg>\r\n                                    <\/div><!-- \/.work-process-one__inner__content__item__icon -->\r\n                                    <div class=\"work-process-one__inner__content__item__info\">\r\n                                        <h6 class=\"work-process-one__inner__content__item__info__title\">\r\n                                            Recuperes punts                                        <\/h6><!-- \/.work-process-one__inner__content__item__info__title -->\r\n                                        <p class=\"work-process-one__inner__content__item__info__text\">\r\n                                                                                    <\/p><!-- \/.work-process-one__inner__content__item__info__text -->\r\n                                    <\/div>\r\n                                <\/div><!-- \/.work-process-one__inner__content__item -->\r\n                                                    <\/div><!-- \/.work-process-one__content__item -->\r\n                    <\/div><!-- \/.work-process-one__content -->\r\n                <\/div><!-- \/.col-md-6 -->\r\n            <\/div><!-- \/.row -->\r\n        <\/div><!-- \/.container -->\r\n    <\/section><!-- \/.work-process-one -->\r\n\r\n    <!-- Workprocess Style One End -->\r\n\t\t\t\t<\/div>\n\t\t\t\t<\/div>\n\t\t\t\t<\/div>\n\t\t\t\t<\/div>\n\t\t","protected":false},"excerpt":{"rendered":"<p>RECUPERACI\u00d3 DE PUNTS Dirigit a conductors\/es que han perdut part dels punts per\u00f2 encara conserven el perm\u00eds. La freq\u00fc\u00e8ncia es de m\u00e0xim 1 cop cada 2 anys (o 1 cop a l\u2019any si ets conductor professional). Durada: 12 hores (aprox.) Recuperes fins a 4 punts del teu perm\u00eds. No cal fer examen, nom\u00e9s assistir al [&hellip;]<\/p>\n","protected":false},"author":7,"featured_media":0,"parent":4935,"menu_order":0,"comment_status":"closed","ping_status":"closed","template":"elementor_header_footer","meta":{"footnotes":""},"class_list":["post-4937","page","type-page","status-publish","hentry"],"_links":{"self":[{"href":"https:\/\/www.autoescolaolivella.com\/index.php\/wp-json\/wp\/v2\/pages\/4937","targetHints":{"allow":["GET"]}}],"collection":[{"href":"https:\/\/www.autoescolaolivella.com\/index.php\/wp-json\/wp\/v2\/pages"}],"about":[{"href":"https:\/\/www.autoescolaolivella.com\/index.php\/wp-json\/wp\/v2\/types\/page"}],"author":[{"embeddable":true,"href":"https:\/\/www.autoescolaolivella.com\/index.php\/wp-json\/wp\/v2\/users\/7"}],"replies":[{"embeddable":true,"href":"https:\/\/www.autoescolaolivella.com\/index.php\/wp-json\/wp\/v2\/comments?post=4937"}],"version-history":[{"count":8,"href":"https:\/\/www.autoescolaolivella.com\/index.php\/wp-json\/wp\/v2\/pages\/4937\/revisions"}],"predecessor-version":[{"id":5555,"href":"https:\/\/www.autoescolaolivella.com\/index.php\/wp-json\/wp\/v2\/pages\/4937\/revisions\/5555"}],"up":[{"embeddable":true,"href":"https:\/\/www.autoescolaolivella.com\/index.php\/wp-json\/wp\/v2\/pages\/4935"}],"wp:attachment":[{"href":"https:\/\/www.autoescolaolivella.com\/index.php\/wp-json\/wp\/v2\/media?parent=4937"}],"curies":[{"name":"wp","href":"https:\/\/api.w.org\/{rel}","templated":true}]}}